{"version":"1.0","provider_name":"Mobles 114","provider_url":"https:\/\/www.mobles114.com\/fr\/","author_name":"Adminmkt","author_url":"https:\/\/www.mobles114.com\/fr\/author\/adminmkt\/","title":"Andr\u00e9 Ricard Mobles114. Ic\u00f4nes du design et coh\u00e9rence stylistique","type":"rich","width":600,"height":338,"html":"<blockquote class=\"wp-embedded-content\" data-secret=\"BMi2Qr5NyZ\"><a href=\"https:\/\/www.mobles114.com\/fr\/interviews-50-anniversaire-designer-andre-ricard\/\">Interviews pour le 50e anniversaire<\/a><\/blockquote><iframe sandbox=\"allow-scripts\" security=\"restricted\" src=\"https:\/\/www.mobles114.com\/fr\/interviews-50-anniversaire-designer-andre-ricard\/embed\/#?secret=BMi2Qr5NyZ\" width=\"600\" height=\"338\" title=\"\u00ab\u00a0Interviews pour le 50e anniversaire\u00a0\u00bb &#8212; Mobles 114\" data-secret=\"BMi2Qr5NyZ\" frameborder=\"0\" marginwidth=\"0\" marginheight=\"0\" scrolling=\"no\" class=\"wp-embedded-content\"><\/iframe><script type=\"text\/javascript\">\n\/* <![CDATA[ *\/\n\/*! This file is auto-generated *\/\n!function(d,l){\"use strict\";l.querySelector&&d.addEventListener&&\"undefined\"!=typeof URL&&(d.wp=d.wp||{},d.wp.receiveEmbedMessage||(d.wp.receiveEmbedMessage=function(e){var t=e.data;if((t||t.secret||t.message||t.value)&&!\/[^a-zA-Z0-9]\/.test(t.secret)){for(var s,r,n,a=l.querySelectorAll('iframe[data-secret=\"'+t.secret+'\"]'),o=l.querySelectorAll('blockquote[data-secret=\"'+t.secret+'\"]'),c=new RegExp(\"^https?:$\",\"i\"),i=0;i<o.length;i++)o[i].style.display=\"none\";for(i=0;i<a.length;i++)s=a[i],e.source===s.contentWindow&&(s.removeAttribute(\"style\"),\"height\"===t.message?(1e3<(r=parseInt(t.value,10))?r=1e3:~~r<200&&(r=200),s.height=r):\"link\"===t.message&&(r=new URL(s.getAttribute(\"src\")),n=new URL(t.value),c.test(n.protocol))&&n.host===r.host&&l.activeElement===s&&(d.top.location.href=t.value))}},d.addEventListener(\"message\",d.wp.receiveEmbedMessage,!1),l.addEventListener(\"DOMContentLoaded\",function(){for(var e,t,s=l.querySelectorAll(\"iframe.wp-embedded-content\"),r=0;r<s.length;r++)(t=(e=s[r]).getAttribute(\"data-secret\"))||(t=Math.random().toString(36).substring(2,12),e.src+=\"#?secret=\"+t,e.setAttribute(\"data-secret\",t)),e.contentWindow.postMessage({message:\"ready\",secret:t},\"*\")},!1)))}(window,document);\n\/\/# sourceURL=https:\/\/www.mobles114.com\/wp-includes\/js\/wp-embed.min.js\n\/* ]]> *\/\n<\/script>\n","thumbnail_url":"https:\/\/www.mobles114.com\/wp-content\/uploads\/2024\/01\/entrevistes_-Ricardd-Andre-foto-portada-magazine.jpg","thumbnail_width":1080,"thumbnail_height":1350,"description":"D\u00e9couvrez avec Andr\u00e9 Ricard, la coh\u00e9rence et l\u2019authenticit\u00e9 qui ont marqu\u00e9 l\u2019\u00e9volution de Mobles 114 depuis sa fondation."}

André Ricard Mobles114. Icônes du design et cohérence stylistique

Découvrez avec André Ricard, la cohérence et l’authenticité qui ont marqué l’évolution de Mobles 114 depuis sa fondation.
